84 is divided by 123?
59
Calculate the remainder when 7784 is divided by 154.
84
What is the remainder when 19113 is divided by 1593?
1590
What is the remainder when 425 is divided by 206?
13
What is the remainder when 238009 is divided by 255?
94
What is the remainder when 76227 is divided by 19?
18
What is the remainder when 4520252 is divided by 37?
36
Calculate the remainder when 2643490 is divided by 244.
238
Calculate the remainder when 2948 is divided by 10.
8
Calculate the remainder when 5095 is divided by 1257.
67
What is the remainder when 5241 is divided by 5086?
155
Calculate the remainder when 194323 is divided by 56.
3
What is the remainder when 254774 is divided by 471?
434
Calculate the remainder when 13268 is divided by 2466.
938
Calculate the remainder when 3374 is divided by 47.
37
What is the remainder when 56164 is divided by 4320?
4
What is the remainder when 819 is divided by 365?
89
What is the remainder when 31366 is divided by 1179?
712
What is the remainder when 16972 is divided by 152?
100
What is the remainder when 6559 is divided by 209?
80
What is the remainder when 200910 is divided by 200895?
15
What is the remainder when 9470 is divided by 612?
290
Calculate the remainder when 32520 is divided by 202.
200
What is the remainder when 1002 is divided by 420?
162
Calculate the remainder when 18046 is divided by 219.
88
What is the remainder when 29692 is divided by 256?
252
What is the remainder when 295641 is divided by 284?
281
Calculate the remainder when 68575 is divided by 22856.
7
Calculate the remainder when 109019 is divided by 583.
581
Calculate the remainder when 24417 is divided by 11.
8
Calculate the remainder when 20238 is divided by 5057.
10
What is the remainder when 49736 is divided by 1772?
120
Calculate the remainder when 14512 is divided by 31.
4
Calculate the remainder when 31828 is divided by 589.
22
What is the remainder when 21321 is divided by 137?
86
What is the remainder when 27794 is divided by 105?
74
What is the remainder when 21610 is divided by 168?
106
What is the remainder when 207654 is divided by 643?
608
Calculate the remainder when 5732 is divided by 158.
44
Calculate the remainder when 768 is divided by 368.
32
What is the remainder when 1001 is divided by 249?
5
What is the remainder when 8685 is divided by 1716?
105
Calculate the remainder when 8499 is divided by 160.
19
Calculate the remainder when 1073193 is divided by 43.
42
What is the remainder when 33071 is divided by 61?
9
What is the remainder when 131555 is divided by 115?
110
Calculate the remainder when 5000 is divided by 51.
2
What is the remainder when 3435 is divided by 153?
69
Calculate the remainder when 5827 is divided by 2860.
107
What is the remainder when 1361482 is divided by 18?
16
What is the remainder when 18815 is divided by 117?
95
What is the remainder when 7573 is divided by 1513?
8
What is the remainder when 265912 is divided by 62?
56
What is the remainder when 4714 is divided by 66?
28
What is the remainder when 1028 is divided by 4?
0
What is the remainder when 1123 is divided by 15?
13
What is the remainder when 8618 is divided by 655?
103
What is the remainder when 1067 is divided by 149?
24
What is the remainder when 4217 is divided by 695?
47
What is the remainder when 2747 is divided by 46?
33
What is the remainder when 16353 is divided by 1429?
634
Calculate the remainder when 8029333 is divided by 56.
53
Calculate the remainder when 20505 is divided by 155.
45
Calculate the remainder when 24084 is divided by 1037.
233
Calculate the remainder when 3703 is divided by 1654.
395
What is the remainder when 11924 is divided by 71?
67
What is the remainder when 196096 is divided by 185?
181
Calculate the remainder when 3160 is divided by 353.
336
What is the remainder when 4731 is divided by 138?
39
Calculate the remainder when 281 is divided by 104.
73
Calculate the remainder when 90021 is divided by 13.
9
What is the remainder when 5741 is divided by 1480?
1301
Calculate the remainder when 728 is divided by 38.
6
What is the remainder when 55143 is divided by 418?
385
Calculate the remainder when 1129 is divided by 528.
73
Calculate the remainder when 4803 is divided by 2010.
783
Calculate the remainder when 36474 is divided by 2598.
102
What is the remainder when 3853457 is divided by 20?
17
Calculate the remainder when 82409 is divided by 178.
173
What is the remainder when 158724 is divided by 38?
36
Calculate the remainder when 3511 is divided by 9.
1
What is the remainder when 34909 is divided by 5817?
7
Calculate the remainder when 3336 is divided by 344.
240
Calculate the remainder when 188472 is divided by 94236.
0
Calculate the remainder when 1046 is divided by 480.
86
Calculate the remainder when 91678 is divided by 80.
78
What is the remainder when 4898 is divided by 1?
0
What is the remainder when 12686 is divided by 373?
4
Calculate the remainder when 6200 is divided by 268.
36
What is the remainder when 8848 is divided by 3821?
1206
Calculate the remainder when 108192 is divided by 8322.
6
Calculate the remainder when 372393 is divided by 196.
189
Calculate the remainder when 2086 is divided by 73.
42
Calculate the remainder when 8634 is divided by 2862.
48
Calculate the remainder when 32484 is divided by 16231.
22
Calculate the remainder when 40310 is divided by 124.
10
What is the remainder when 47168 is divided by 449?
23
Calculate the remainder when 150134 is divided by 49.
47
Calculate the remainder when 171359 is divided by 836.
815
Calculate the remainder when 3709979 is divided by 30.
29
What is the remainder when 548115 is divided by 55?
40
What is the remainder when 14602 is divided by 206?
182
Calculate the remainder when 119979 is divided by 10.
9
Calculate the remainder when 486506 is divided by 104.
98
What is the remainder when 2916 is divided by 30?
6
What is the remainder when 793617 is divided by 106?
101
What is the remainder when 2816 is divided by 2772?
44
Calculate the remainder when 88315 is divided by 27.
25
What is the remainder when 4565 is divided by 116?
41
Calculate the remainder when 73405 is divided by 124.
121
Calculate the remainder when 51403 is divided by 284.
283
Calculate the remainder when 2113 is divided by 134.
103
What is the remainder when 598355 is divided by 113?
20
Calculate the remainder when 26682 is divided by 3797.
103
What is the remainder when 59948 is divided by 62?
56
Calculate the remainder when 497689 is divided by 268.
13
Calculate the remainder when 14725 is divided by 12.
1
What is the remainder when 2096 is divided by 1857?
239
What is the remainder when 5674 is divided by 1878?
40
What is the remainder when 133693 is divided by 25?
18
What is the remainder when 185329 is divided by 353?
4
Calculate the remainder when 2629 is divided by 1232.
165
What is the remainder when 65387 is divided by 365?
52
What is the remainder when 14214 is divided by 7105?
4
Calculate the remainder when 600 is divided by 271.
58
What is the remainder when 195955 is divided by 65296?
67
What is the remainder when 338273 is divided by 4571?
19
Calculate the remainder when 36286 is divided by 448.
446
What is the remainder when 406 is divided by 12?
10
What is the remainder when 8080 is divided by 606?
202
What is the remainder when 16313 is divided by 1020?
1013
What is the remainder when 62563 is divided by 412?
351
Calculate the remainder when 1569 is divided by 399.
372
Calculate the remainder when 17518 is divided by 73.
71
Calculate the remainder when 789683 is divided by 84.
83
Calculate the remainder when 2996 is divided by 361.
108
What is the remainder when 5148 is divided by 3589?
1559
What is the remainder when 20745 is divided by 76?
73
Calculate the remainder when 4715 is divided by 2079.
557
Calculate the remainder when 25706 is divided by 523.
79
Calculate the remainder when 42521 is divided by 11.
6
What is the remainder when 47526 is divided by 15829?
39
What is the remainder when 5206 is divided by 289?
4
What is the remainder when 1504 is divided by 1476?
28
What is the remainder when 922 is divided by 120?
82
Calculate the remainder when 5911 is divided by 5849.
62
Calculate the remainder when 9203 is divided by 2859.